{"id":658,"date":"2024-07-01T18:26:33","date_gmt":"2024-07-01T16:26:33","guid":{"rendered":"https:\/\/danis-hundesalon.de\/?page_id=658"},"modified":"2026-04-23T19:03:20","modified_gmt":"2026-04-23T17:03:20","slug":"zahnreinigung-2","status":"publish","type":"page","link":"https:\/\/danis-hundesalon.de\/?page_id=658","title":{"rendered":"Zahnreinigung"},"content":{"rendered":"<p>[et_pb_section fb_built=&#8220;1&#8243; _builder_version=&#8220;4.14.9&#8243; _module_preset=&#8220;default&#8220; custom_padding=&#8220;||0px|||&#8220; global_colors_info=&#8220;{}&#8220;][et_pb_row _builder_version=&#8220;4.14.9&#8243; _module_preset=&#8220;default&#8220; custom_padding=&#8220;0px|||||&#8220; locked=&#8220;off&#8220; global_colors_info=&#8220;{}&#8220;][et_pb_column type=&#8220;4_4&#8243; _builder_version=&#8220;4.14.9&#8243; _module_preset=&#8220;default&#8220; global_colors_info=&#8220;{}&#8220;][et_pb_text _builder_version=&#8220;4.14.9&#8243; _module_preset=&#8220;default&#8220; text_text_color=&#8220;#000000&#8243; header_2_font=&#8220;|700|||||||&#8220; header_2_text_color=&#8220;#000000&#8243; background_color=&#8220;#90b32f&#8220; module_alignment=&#8220;left&#8220; custom_margin=&#8220;||||false|false&#8220; custom_padding=&#8220;10px|||10px|false|false&#8220; custom_css_main_element=&#8220;display: flex;||align-items: center;&#8220; global_colors_info=&#8220;{}&#8220;]<\/p>\n<h2>Zahnreinigung<\/h2>\n<p>[\/et_pb_text][et_pb_divider color=&#8220;#90b32f&#8220; divider_weight=&#8220;3px&#8220; _builder_version=&#8220;4.14.9&#8243; _module_preset=&#8220;default&#8220; global_colors_info=&#8220;{}&#8220;][\/et_pb_divider][\/et_pb_column][\/et_pb_row][et_pb_row column_structure=&#8220;1_2,1_2&#8243; _builder_version=&#8220;4.14.9&#8243; _module_preset=&#8220;default&#8220; global_colors_info=&#8220;{}&#8220;][et_pb_column type=&#8220;1_2&#8243; _builder_version=&#8220;4.14.9&#8243; _module_preset=&#8220;default&#8220; global_colors_info=&#8220;{}&#8220;][et_pb_image src=&#8220;https:\/\/danis-hundesalon.de\/wp-content\/uploads\/2024\/06\/hund-zahnreinigung2.jpg&#8220; title_text=&#8220;hund zahnreinigung2&#8243; align=&#8220;center&#8220; _builder_version=&#8220;4.14.9&#8243; _module_preset=&#8220;default&#8220; width=&#8220;85%&#8220; custom_margin=&#8220;||187px|||&#8220; custom_padding=&#8220;144px|||||&#8220; global_colors_info=&#8220;{}&#8220;][\/et_pb_image][\/et_pb_column][et_pb_column type=&#8220;1_2&#8243; _builder_version=&#8220;4.14.9&#8243; _module_preset=&#8220;default&#8220; global_colors_info=&#8220;{}&#8220;][et_pb_image src=&#8220;https:\/\/danis-hundesalon.de\/wp-content\/uploads\/2024\/07\/WhatsApp-Bild-2024-07-09-um-12.37.45_aa4b41ec.jpg&#8220; title_text=&#8220;WhatsApp Bild 2024-07-09 um 12.37.45_aa4b41ec&#8220; align=&#8220;center&#8220; _builder_version=&#8220;4.14.9&#8243; _module_preset=&#8220;default&#8220; global_colors_info=&#8220;{}&#8220;][\/et_pb_image][\/et_pb_column][\/et_pb_row][\/et_pb_section][et_pb_section fb_built=&#8220;1&#8243; _builder_version=&#8220;4.14.9&#8243; _module_preset=&#8220;default&#8220; custom_padding=&#8220;0px|||||&#8220; locked=&#8220;off&#8220; global_colors_info=&#8220;{}&#8220;][et_pb_row column_structure=&#8220;1_3,1_3,1_3&#8243; _builder_version=&#8220;4.14.9&#8243; _module_preset=&#8220;default&#8220; global_colors_info=&#8220;{}&#8220;][et_pb_column type=&#8220;1_3&#8243; _builder_version=&#8220;4.14.9&#8243; _module_preset=&#8220;default&#8220; background_image=&#8220;https:\/\/danis-hundesalon.de\/wp-content\/uploads\/2026\/04\/Rezept-Zahnentzuendung-Hunde-Gundermann.odt&#8220; global_colors_info=&#8220;{}&#8220;][et_pb_text _builder_version=&#8220;4.14.9&#8243; _module_preset=&#8220;default&#8220; text_line_height=&#8220;1.8em&#8220; custom_margin=&#8220;150px||||false|false&#8220; global_colors_info=&#8220;{}&#8220;]<\/p>\n<p><span style=\"font-size: medium;\"><strong><\/strong><\/span><\/p>\n<p><span style=\"font-size: medium;\"><strong>Welche Erkrankungen k\u00f6nnen<br \/>durch zu wenig Pflege<br \/>entstehen?<\/strong><\/span><\/p>\n<p><span style=\"font-size: medium;\"><strong>&#8211; Zahnfleischentz\u00fcndungen<\/strong><\/span><\/p>\n<p><span style=\"font-size: medium;\"><strong>&#8211; Herzmuskelentz\u00fcndungen<\/strong><\/span><\/p>\n<p><span style=\"font-size: medium;\"><strong>&#8211; Parodontose\/Parodontitis<\/strong><\/span><\/p>\n<p><span style=\"font-size: medium;\"><strong>&#8211; Aftenbildung<\/strong><\/span><\/p>\n<p><span style=\"font-size: medium;\"><strong>&#8211; Zahnstein\/Plaquebildung<\/strong><\/span><\/p>\n<p><span style=\"font-size: medium;\"><strong>&#8211; Augenentz\u00fcndungen \/ Verletzungen<\/strong><\/span><\/p>\n<p><span style=\"font-size: medium;\"><strong>&#8211; Bindehautentz\u00fcndung<\/strong><\/span><\/p>\n<p><span style=\"font-size: medium;\"><strong>&#8211; Magen-Darm-Verstimmungen<\/strong><\/span><\/p>\n<p><span style=\"font-size: medium;\"><strong>&#8211; uvm.<\/strong><\/span><\/p>\n<p>Wenn beim Hund die Pflege ausbleibt, k\u00f6nnen da<br \/>durch auch Erkrankungen und k\u00f6rperliche<br \/>Ver\u00e4nderungen entstehen.<span style=\"font-size: medium;\"><strong><\/strong><\/span><\/p>\n<p>Einige der Erkrankungen k\u00f6nnen zus\u00e4tzlich auch<br \/>noch andere K\u00f6rperbereiche mit beeintr\u00e4chtigen<br \/>oder sogar lebenswichtige Organe sch\u00e4digen.<br \/>Parasiten k\u00f6nnen unentdeckt bleiben und<br \/>dadurch zu schwerwiegenden<br \/>Infektionskrankheiten f\u00fchren wie eben die<br \/>Ohrenentz\u00fcndung, Allergien oder Borreliose etc.<\/p>\n<p>&nbsp;<\/p>\n<p><span style=\"font-size: medium;\"><strong><\/strong><\/span><\/p>\n<p><span style=\"font-size: medium;\"><strong>Ultraschall Zahnreiniger f\u00fcr Hunde:<br \/>Effektive Zahnpflege ohne Stress! <\/strong><\/span><\/p>\n<p><span style=\"font-size: medium;\">Sie m\u00fcssen sich keine Sorgen um das Zahnfleisch Ihres Hundes machen<\/span><\/p>\n<p><span style=\"font-size: medium;\">Das Ger\u00e4t kann die Z\u00e4hne vom Zahnfleisch unterscheiden und schaltet sich automatisch ab, wenn es das Zahnfleisch ber\u00fchrt. Wenn Ihr Hund eine unerwartete Bewegung macht und der Ultraschall-Zahnreiniger vom Zahn abrutscht, entsteht keine Verletzung.<\/span><\/p>\n<p><strong><span style=\"font-size: medium;\">&#8211; Eine pers. Einf\u00fchrung in die korrekte\u00a0 \u00a0 \u00a0 Bedienung erhaltet ihr bei mir !<\/span><\/strong><\/p>\n<p>&nbsp;<\/p>\n<p>[\/et_pb_text][\/et_pb_column][et_pb_column type=&#8220;1_3&#8243; _builder_version=&#8220;4.14.9&#8243; _module_preset=&#8220;default&#8220; global_colors_info=&#8220;{}&#8220;][\/et_pb_column][et_pb_column type=&#8220;1_3&#8243; _builder_version=&#8220;4.14.9&#8243; _module_preset=&#8220;default&#8220; global_colors_info=&#8220;{}&#8220;][et_pb_image src=&#8220;https:\/\/danis-hundesalon.de\/wp-content\/uploads\/2025\/10\/WhatsApp-Image-2025-10-18-at-12.26.44.jpeg&#8220; title_text=&#8220;WhatsApp Image 2025-10-18 at 12.26.44&#8243; _builder_version=&#8220;4.14.9&#8243; _module_preset=&#8220;default&#8220; global_colors_info=&#8220;{}&#8220;][\/et_pb_image][\/et_pb_column][\/et_pb_row][et_pb_row _builder_version=&#8220;4.14.9&#8243; _module_preset=&#8220;default&#8220; global_colors_info=&#8220;{}&#8220;][et_pb_column type=&#8220;4_4&#8243; _builder_version=&#8220;4.14.9&#8243; _module_preset=&#8220;default&#8220; global_colors_info=&#8220;{}&#8220;][et_pb_divider color=&#8220;#90b32f&#8220; divider_weight=&#8220;2px&#8220; _builder_version=&#8220;4.14.9&#8243; _module_preset=&#8220;default&#8220; global_colors_info=&#8220;{}&#8220;][\/et_pb_divider][\/et_pb_column][\/et_pb_row][et_pb_row column_structure=&#8220;1_2,1_2&#8243; _builder_version=&#8220;4.14.9&#8243; _module_preset=&#8220;default&#8220; global_colors_info=&#8220;{}&#8220;][et_pb_column type=&#8220;1_2&#8243; _builder_version=&#8220;4.14.9&#8243; _module_preset=&#8220;default&#8220; global_colors_info=&#8220;{}&#8220;][et_pb_image src=&#8220;https:\/\/danis-hundesalon.de\/wp-content\/uploads\/2022\/10\/james-lacy-xe_MtM-ixlw-unsplash.jpg&#8220; title_text=&#8220;james-lacy-xe_MtM-ixlw-unsplash&#8220; _builder_version=&#8220;4.14.9&#8243; _module_preset=&#8220;default&#8220; global_colors_info=&#8220;{}&#8220;][\/et_pb_image][\/et_pb_column][et_pb_column type=&#8220;1_2&#8243; _builder_version=&#8220;4.14.9&#8243; _module_preset=&#8220;default&#8220; global_colors_info=&#8220;{}&#8220;][et_pb_text _builder_version=&#8220;4.14.9&#8243; _module_preset=&#8220;default&#8220; custom_margin=&#8220;80px||||false|false&#8220; custom_padding=&#8220;0px||||false|false&#8220; global_colors_info=&#8220;{}&#8220;]<\/p>\n<p><span style=\"font-size: medium;\">Jede Art von An\u00e4sthesie bringt ein Risiko mit sich!<\/span><\/p>\n<p><span style=\"font-size: medium;\">Die meisten Zahnhygienebehandlungen werden unter Narkose durchgef\u00fchrt. Studien haben gezeigt, dass das Risiko, an einer Narkose zu sterben, bei gesunden Haustieren bei etwa 1 zu 2.000 liegt. Bei Tieren, die an einer Krankheit leiden, steigt dieses Risiko auf 1 zu 500. Mit dem Ultraschal-Reiniger m\u00fcssen Sie Ihren vierbeinigen Partner nicht mehr diesem Risiko aussetzen!\u00a0<\/span><\/p>\n<p><span style=\"font-size: medium;\">LG\u00a0eure\u00a0Daniela<\/span><\/p>\n<p>[\/et_pb_text][\/et_pb_column][\/et_pb_row][et_pb_row column_structure=&#8220;3_4,1_4&#8243; _builder_version=&#8220;4.14.9&#8243; _module_preset=&#8220;default&#8220; global_colors_info=&#8220;{}&#8220;][et_pb_column type=&#8220;3_4&#8243; _builder_version=&#8220;4.14.9&#8243; _module_preset=&#8220;default&#8220; global_colors_info=&#8220;{}&#8220;][et_pb_text _builder_version=&#8220;4.14.9&#8243; _module_preset=&#8220;default&#8220; global_colors_info=&#8220;{}&#8220;]<\/p>\n<blockquote>\n<p><strong><\/strong><\/p>\n<p><strong>Nat\u00fcrliche Zahnpflege<\/strong><\/p>\n<p><strong>Warum brauchen Hunde gesunde Z\u00e4hne?<\/strong><\/p>\n<p>&nbsp;<\/p>\n<p>&nbsp;<\/p>\n<p><strong>Erwachsene Hunde haben insgesamt 42 Z\u00e4hne!<\/strong><\/p>\n<ul>\n<li>Schneidez\u00e4hne: 12, jeweils 6 im Ober \u2013 und Unterkiefers<\/li>\n<li>Eckz\u00e4hne: 4, jeweils 2 im Ober und Unterkiefers<\/li>\n<li>Vorbackenz\u00e4hne 16, jeweils 4 auf jeder Seite im Ober \u2013 und Unterkiefers<\/li>\n<li>Backenz\u00e4hne: 10, jeweils 2 im Unterkiefer auf jeder Seite und 3 im Oberkiefer auf jeder Seite<\/li>\n<\/ul>\n<p><strong><u>Tipp:<\/u><\/strong><\/p>\n<p><strong>Welpen haben insgesamt 28 Z\u00e4hne Milchgebiss!<\/strong><\/p>\n<ul>\n<li>Zahnwechsel ist zwischen dem 4. und 7. Lebensmonat!<\/li>\n<\/ul>\n<p><strong><u>Rei\u00dfz\u00e4hne:<\/u><\/strong><\/p>\n<p>Sie werden zusammen von 2. Z\u00e4hnen gebildet: Im Oberkiefer Pr\u00e4molar Nr. 4 (P4) und im Unterkiefer Molar 1 (M1).<\/p>\n<p>Mit diesen Z\u00e4hnen k\u00f6nnen Hunde Fleischst\u00fccke herausrei\u00dfen bz. Zerschneiden.<\/p>\n<p>&nbsp;<\/p>\n<p>&nbsp;<\/p>\n<p><strong>Zahnschmerzen beim Hund werden oft erst sp\u00e4t erkannt, da Hunde ihre Schmerzen instinktiv<\/strong><br \/><strong>verbergen. Das h\u00e4ufigste erste Anzeichen ist starker Mundgeruch, gefolgt von<\/strong><br \/><strong>Verhaltens\u00e4nderungen beim Fressen oder Spielen.<\/strong><\/p>\n<p><strong><\/strong><\/p>\n<p><strong>Typische Symptome erkennen<\/strong><br \/><strong>Achten Sie auf die folgenden Warnsignale, die auf Probleme im Maulbereich hindeuten k\u00f6nnen:<\/strong><\/p>\n<p>\u2022 Fressverhalten: Verweigerung von hartem Futter oder Leckerlis, einseitiges Kauen oder<br \/>komplettes Einstellen der Nahrungsaufnahme trotz sichtbarem Appetit.<br \/>\u2022 K\u00f6rperliche Anzeichen: \u00dcberm\u00e4\u00dfiger Speichelfluss (Sabbern), Zahnfleischbluten,<br \/>Schwellungen am Kiefer oder ger\u00f6tetes Zahnfleisch.<br \/>\u2022 Verhaltens\u00e4nderungen: Reiben der Schnauze mit der Pfote, Kopfsch\u00fctteln, verminderter<br \/>Spieltrieb (insbesondere mit Apportierspielzeug) oder Abwehrreaktionen bei Ber\u00fchrungen<br \/>am Kopf.<br \/>\u2022 \u00c4u\u00dferliche Ver\u00e4nderungen: Nasenausfluss oder sichtbarer Zahnstein und Bel\u00e4ge.<\/p>\n<p>&nbsp;<\/p>\n<p>&nbsp;<\/p>\n<p>&nbsp;<\/p>\n<p>&nbsp;<\/p>\n<p>&nbsp;<\/p>\n<\/blockquote>\n<p>&nbsp;<\/p>\n<p><strong>\u00a0Tipp:<br \/><\/strong>&#8211; Nat\u00fcrlich, artgerechte F\u00fctterung<br \/>&#8211; Regelm\u00e4\u00dfige Zahnpflege<br \/>&#8211; Bei Zahnstein ggf. TA aufsuchen \u2013 Achtung:<br \/>Entfernung des Zahnsteins ist Narkose n\u00f6tig \/ bzw. im Hundesalon ohne Nakose (wenn m\u00f6glich)<\/p>\n<p><strong>Zahnreinigung mit Ultraschall hier im Hundesalon!<\/strong><\/p>\n<p>[\/et_pb_text][\/et_pb_column][et_pb_column type=&#8220;1_4&#8243; _builder_version=&#8220;4.14.9&#8243; _module_preset=&#8220;default&#8220; global_colors_info=&#8220;{}&#8220;][et_pb_image src=&#8220;https:\/\/danis-hundesalon.de\/wp-content\/uploads\/2025\/10\/WhatsApp-Image-2025-10-18-at-11.55.49.jpeg&#8220; title_text=&#8220;WhatsApp Image 2025-10-18 at 11.55.49&#8243; _builder_version=&#8220;4.14.9&#8243; _module_preset=&#8220;default&#8220; custom_margin=&#8220;105px||||false|false&#8220; global_colors_info=&#8220;{}&#8220;][\/et_pb_image][\/et_pb_column][\/et_pb_row][\/et_pb_section][et_pb_section fb_built=&#8220;1&#8243; _builder_version=&#8220;4.14.9&#8243; _module_preset=&#8220;default&#8220; custom_padding=&#8220;0px|||||&#8220; locked=&#8220;off&#8220; global_colors_info=&#8220;{}&#8220;][et_pb_row column_structure=&#8220;1_2,1_2&#8243; _builder_version=&#8220;4.14.9&#8243; _module_preset=&#8220;default&#8220; global_colors_info=&#8220;{}&#8220;][et_pb_column type=&#8220;1_2&#8243; _builder_version=&#8220;4.14.9&#8243; _module_preset=&#8220;default&#8220; global_colors_info=&#8220;{}&#8220;][\/et_pb_column][et_pb_column type=&#8220;1_2&#8243; _builder_version=&#8220;4.14.9&#8243; _module_preset=&#8220;default&#8220; global_colors_info=&#8220;{}&#8220;][\/et_pb_column][\/et_pb_row][et_pb_row _builder_version=&#8220;4.14.9&#8243; _module_preset=&#8220;default&#8220; global_colors_info=&#8220;{}&#8220;][et_pb_column type=&#8220;4_4&#8243; _builder_version=&#8220;4.14.9&#8243; _module_preset=&#8220;default&#8220; global_colors_info=&#8220;{}&#8220;][et_pb_divider color=&#8220;#90b32f&#8220; divider_weight=&#8220;2px&#8220; _builder_version=&#8220;4.14.9&#8243; _module_preset=&#8220;default&#8220; global_colors_info=&#8220;{}&#8220;][\/et_pb_divider][\/et_pb_column][\/et_pb_row][et_pb_row column_structure=&#8220;1_2,1_2&#8243; _builder_version=&#8220;4.14.9&#8243; _module_preset=&#8220;default&#8220; global_colors_info=&#8220;{}&#8220;][et_pb_column type=&#8220;1_2&#8243; _builder_version=&#8220;4.14.9&#8243; _module_preset=&#8220;default&#8220; global_colors_info=&#8220;{}&#8220;][\/et_pb_column][et_pb_column type=&#8220;1_2&#8243; _builder_version=&#8220;4.14.9&#8243; _module_preset=&#8220;default&#8220; global_colors_info=&#8220;{}&#8220;][\/et_pb_column][\/et_pb_row][et_pb_row column_structure=&#8220;3_4,1_4&#8243; _builder_version=&#8220;4.14.9&#8243; _module_preset=&#8220;default&#8220; global_colors_info=&#8220;{}&#8220;][et_pb_column type=&#8220;3_4&#8243; _builder_version=&#8220;4.14.9&#8243; _module_preset=&#8220;default&#8220; global_colors_info=&#8220;{}&#8220;][\/et_pb_column][et_pb_column type=&#8220;1_4&#8243; _builder_version=&#8220;4.14.9&#8243; _module_preset=&#8220;default&#8220; global_colors_info=&#8220;{}&#8220;][\/et_pb_column][\/et_pb_row][\/et_pb_section]<\/p>\n","protected":false},"excerpt":{"rendered":"<p>Zahnreinigung Welche Erkrankungen k\u00f6nnendurch zu wenig Pflegeentstehen? &#8211; Zahnfleischentz\u00fcndungen &#8211; Herzmuskelentz\u00fcndungen &#8211; Parodontose\/Parodontitis &#8211; Aftenbildung &#8211; Zahnstein\/Plaquebildung &#8211; Augenentz\u00fcndungen \/ Verletzungen &#8211; Bindehautentz\u00fcndung &#8211; Magen-Darm-Verstimmungen &#8211; uvm. Wenn beim Hund die Pflege ausbleibt, k\u00f6nnen dadurch auch Erkrankungen und k\u00f6rperlicheVer\u00e4nderungen entstehen. Einige der Erkrankungen k\u00f6nnen zus\u00e4tzlich auchnoch andere K\u00f6rperbereiche mit beeintr\u00e4chtigenoder sogar lebenswichtige Organe sch\u00e4digen.Parasiten k\u00f6nnen [&hellip;]<\/p>\n","protected":false},"author":2,"featured_media":0,"parent":0,"menu_order":0,"comment_status":"closed","ping_status":"closed","template":"","meta":{"_et_pb_use_builder":"on","_et_pb_old_content":"","_et_gb_content_width":"","footnotes":""},"class_list":["post-658","page","type-page","status-publish","hentry"],"_links":{"self":[{"href":"https:\/\/danis-hundesalon.de\/index.php?rest_route=\/wp\/v2\/pages\/658","targetHints":{"allow":["GET"]}}],"collection":[{"href":"https:\/\/danis-hundesalon.de\/index.php?rest_route=\/wp\/v2\/pages"}],"about":[{"href":"https:\/\/danis-hundesalon.de\/index.php?rest_route=\/wp\/v2\/types\/page"}],"author":[{"embeddable":true,"href":"https:\/\/danis-hundesalon.de\/index.php?rest_route=\/wp\/v2\/users\/2"}],"replies":[{"embeddable":true,"href":"https:\/\/danis-hundesalon.de\/index.php?rest_route=%2Fwp%2Fv2%2Fcomments&post=658"}],"version-history":[{"count":15,"href":"https:\/\/danis-hundesalon.de\/index.php?rest_route=\/wp\/v2\/pages\/658\/revisions"}],"predecessor-version":[{"id":928,"href":"https:\/\/danis-hundesalon.de\/index.php?rest_route=\/wp\/v2\/pages\/658\/revisions\/928"}],"wp:attachment":[{"href":"https:\/\/danis-hundesalon.de\/index.php?rest_route=%2Fwp%2Fv2%2Fmedia&parent=658"}],"curies":[{"name":"wp","href":"https:\/\/api.w.org\/{rel}","templated":true}]}}